
What are the prime factors of 185924?
2, 53, 877
List the prime factors of 1580.
2, 5, 79
What are the prime factors of 1450?
2, 5, 29
List the prime factors of 72994.
2, 36497
What are the prime factors of 8100?
2, 3, 5
What are the prime factors of 137?
137
List the prime factors of 2241.
3, 83
List the prime factors of 1930.
2, 5, 193
What are the prime factors of 14954?
2, 7477
List the prime factors of 920.
2, 5, 23
List the prime factors of 2590.
2, 5, 7, 37
List the prime factors of 12797.
67, 191
What are the prime factors of 2613?
3, 13, 67
What are the prime factors of 18371?
18371
List the prime factors of 77698.
2, 53, 733
What are the prime factors of 2760?
2, 3, 5, 23
List the prime factors of 2166.
2, 3, 19
What are the prime factors of 63278?
2, 29, 1091
What are the prime factors of 8179?
8179
What are the prime factors of 11597?
11597
List the prime factors of 18891.
3, 2099
List the prime factors of 14528.
2, 227
What are the prime factors of 5989?
53, 113
List the prime factors of 2471.
7, 353
What are the prime factors of 48783?
3, 7, 23, 101
List the prime factors of 309.
3, 103
List the prime factors of 77161.
7, 73, 151
List the prime factors of 4342.
2, 13, 167
What are the prime factors of 6816?
2, 3, 71
List the prime factors of 2049.
3, 683
List the prime factors of 20936.
2, 2617
What are the prime factors of 328?
2, 41
List the prime factors of 1641.
3, 547
What are the prime factors of 3699?
3, 137
What are the prime factors of 11914?
2, 7, 23, 37
List the prime factors of 14065.
5, 29, 97
List the prime factors of 17417.
17417
What are the prime factors of 826?
2, 7, 59
What are the prime factors of 1950?
2, 3, 5, 13
List the prime factors of 42256.
2, 19, 139
List the prime factors of 17584.
2, 7, 157
List the prime factors of 11146.
2, 5573
What are the prime factors of 21105?
3, 5, 7, 67
What are the prime factors of 30883?
89, 347
List the prime factors of 1185.
3, 5, 79
What are the prime factors of 3611?
23, 157
List the prime factors of 50738.
2, 23, 1103
List the prime factors of 12468.
2, 3, 1039
List the prime factors of 134392.
2, 107, 157
What are the prime factors of 4158?
2, 3, 7, 11
List the prime factors of 1667.
1667
What are the prime factors of 90224?
2, 5639
List the prime factors of 10578.
2, 3, 41, 43
What are the prime factors of 1136?
2, 71
What are the prime factors of 61554?
2, 3, 10259
What are the prime factors of 3323?
3323
List the prime factors of 2974.
2, 1487
List the prime factors of 17818.
2, 59, 151
List the prime factors of 19718.
2, 9859
List the prime factors of 20600.
2, 5, 103
What are the prime factors of 15069?
3, 5023
What are the prime factors of 164801?
7, 13, 1811
List the prime factors of 19802.
2, 9901
List the prime factors of 14247.
3, 1583
What are the prime factors of 89072?
2, 19, 293
List the prime factors of 60026.
2, 30013
What are the prime factors of 15065?
5, 23, 131
List the prime factors of 5648.
2, 353
What are the prime factors of 69294?
2, 3, 11549
What are the prime factors of 11188?
2, 2797
List the prime factors of 2549.
2549
List the prime factors of 1792.
2, 7
List the prime factors of 1732.
2, 433
List the prime factors of 848.
2, 53
What are the prime factors of 27?
3
What are the prime factors of 70664?
2, 11, 73
What are the prime factors of 5206?
2, 19, 137
What are the prime factors of 18080?
2, 5, 113
What are the prime factors of 1827?
3, 7, 29
What are the prime factors of 18149?
18149
List the prime factors of 67299.
3, 22433
What are the prime factors of 5531?
5531
List the prime factors of 1387.
19, 73
List the prime factors of 105889.
7, 2161
What are the prime factors of 4168?
2, 521
What are the prime factors of 3268?
2, 19, 43
What are the prime factors of 200?
2, 5
What are the prime factors of 6476?
2, 1619
List the prime factors of 34700.
2, 5, 347
What are the prime factors of 1437?
3, 479
What are the prime factors of 2658?
2, 3, 443
What are the prime factors of 93409?
29, 3221
What are the prime factors of 790?
2, 5, 79
What are the prime factors of 27609?
3, 9203
List the prime factors of 13642.
2, 19, 359
What are the prime factors of 2033?
19, 107
What are the prime factors of 19136?
2, 13, 23
List the prime factors of 29622.
2, 3, 4937
What are the prime factors of 32924?
2, 8231
What are the prime factors of 2387?
7, 11, 31
What are the prime factors of 5?
5
List the prime factors of 2585.
5, 11, 47
What are the prime factors of 12912?
2, 3, 269
What are the prime factors of 1473?
3, 491
List the prime factors of 115.
5, 23
What are the prime factors of 8012?
2, 2003
What are the prime factors of 862?
2, 431
List the prime factors of 1480.
2, 5, 37
What are the prime factors of 11453?
13, 881
List the prime factors of 70300.
2, 5, 19, 37
List the prime factors of 269.
269
What are the prime factors of 3091?
11, 281
What are the prime factors of 2141?
2141
What are the prime factors of 122472?
2, 3, 7
List the prime factors of 15580.
2, 5, 19, 41
List the prime factors of 14383.
19, 757
What are the prime factors of 22813?
7, 3259
What are the prime factors of 915?
3, 5, 61
What are the prime factors of 37233?
3, 7, 197
What are the prime factors of 5503?
5503
What are the prime factors of 33?
3, 11
List the prime factors of 13132.
2, 7, 67
List the prime factors of 23049.
3, 13, 197
List the prime factors of 292.
2, 73
What are the prime factors of 139424?
2, 4357
List the prime factors of 7942.
2, 11, 19
List the prime factors of 3247.
17, 191
What are the prime factors of 48399?
3, 13, 17, 73
List the prime factors of 912.
2, 3, 19
List the prime factors of 57914.
2, 23, 1259
List the prime factors of 1724.
2, 431
List the prime factors of 3490.
2, 5, 349
What are the prime factors of 3043?
17, 179
What are the prime factors of 1153?
1153
What are the prime factors of 13549?
17, 797
List the prime factors of 3830.
2, 5, 383
What are the prime factors of 2019?
3, 673
What are the prime factors of 11016?
2, 3, 17
What are the prime factors of 122147?
122147
List the prime factors of 32853.
3, 47, 233
What are the prime factors of 229?
229
List the prime factors of 315.
3, 5, 7
List the prime factors of 1608.
2, 3, 67
List the prime factors of 58307.
199, 293
What are the prime factors of 79394?
2, 7, 53, 107
What are the prime factors of 1411?
17, 83
List the prime factors of 10790.
2, 5, 13, 83
List the prime factors of 1866.
2, 3, 311
What are the prime factors of 120354?
2, 3, 13, 1543
What are the prime factors of 90390?
2, 3, 5, 23, 131
List the prime factors of 761.
761
What are the prime factors of 423?
3, 47
What are the prime factors of 3007?
31, 97
What are the prime factors of 23144?
2, 11, 263
List the prime factors of 9433.
9433
What are the prime factors of 96?
2, 3
List the prime factors of 938.
2, 7, 67
What are the prime factors of 862?
2, 431
List the prime factors of 205.
5, 41
What are the prime factors of 31430?
2, 5, 7, 449
What are the prime factors of 12355?
5, 7, 353
List the prime factors of 693.
3, 7, 11
What are the prime factors of 502?
2, 251
What are the prime factors of 105838?
2, 52919
List the prime factors of 23143.
23143
List the prime factors of 78798.
2, 3, 23, 571
List the prime factors of 82602.
2, 3, 13, 353
List the prime factors of 92186.
2, 46093
List the prime factors of 53362.
2, 26681
List the prime factors of 497.
7, 71
List the prime factors of 819.
3, 7, 13
List the prime factors of 596.
2, 149
What are the prime factors of 2561?
13, 197
What are the prime factors of 18802?
2, 7, 17, 79
What are the prime factors of 4824?
2, 3, 67
List the prime factors of 14659.
107, 137
List the prime factors of 8893.
8893
List the prime factors of 5980.
2, 5, 13, 23
List the prime factors of 6035.
5, 17, 71
List the prime factors of 279.
3, 31
What are the prime factors of 238?
2, 7, 17
List the prime factors of 34338.
2, 3, 59, 97
List the prime factors of 316.
2, 79
What are the prime factors of 9329?
19, 491
List the prime factors of 19850.
2, 5, 397
What are the prime factors of 1157?
13, 89
What are the prime factors of 8488?
2, 1061
List the prime factors of 166629.
3, 67, 829
List the prime factors of 893.
19, 47
List the prime factors of 5588.
2, 11, 127
What are the